tors of 15699750.
2, 3, 5, 11, 173
List the prime factors of 6249159.
3, 7, 281, 353
What are the prime factors of 200824?
2, 13, 1931
What are the prime factors of 2811366?
2, 3, 313, 499
List the prime factors of 418270.
2, 5, 151, 277
List the prime factors of 10862556.
2, 3, 905213
What are the prime factors of 229009?
11, 109, 191
List the prime factors of 5928743.
1283, 4621
What are the prime factors of 299119?
31, 9649
What are the prime factors of 156664?
2, 19583
List the prime factors of 1759214.
2, 879607
What are the prime factors of 1548023?
97, 15959
What are the prime factors of 340795?
5, 7, 13, 107
What are the prime factors of 1128708?
2, 3, 7, 1493
List the prime factors of 28690460.
2, 5, 43, 73, 457
What are the prime factors of 350970?
2, 3, 5, 11699
What are the prime factors of 178311?
3, 7, 1213
List the prime factors of 5785695.
3, 5, 17, 2521
List the prime factors of 1489470.
2, 3, 5, 131, 379
List the prime factors of 391325.
5, 11, 1423
List the prime factors of 623216.
2, 11, 3541
What are the prime factors of 141754?
2, 70877
What are the prime factors of 4862674?
2, 569, 4273
What are the prime factors of 1065495?
3, 5, 251, 283
What are the prime factors of 1234652?
2, 308663
List the prime factors of 432001.
432001
What are the prime factors of 29618977?
47, 61, 10331
What are the prime factors of 1142511?
3, 380837
What are the prime factors of 316664?
2, 23, 1721
What are the prime factors of 119256?
2, 3, 4969
List the prime factors of 111372.
2, 3, 9281
What are the prime factors of 12394932?
2, 3, 11, 93901
List the prime factors of 806336.
2, 43, 293
List the prime factors of 1095658.
2, 263, 2083
List the prime factors of 2323870.
2, 5, 281, 827
List the prime factors of 70000.
2, 5, 7
List the prime factors of 417698.
2, 457
What are the prime factors of 37303?
7, 73
List the prime factors of 35913466.
2, 211, 85103
List the prime factors of 2084004.
2, 3, 13, 61, 73
List the prime factors of 6983841.
3, 1499, 1553
What are the prime factors of 12031765?
5, 47, 51199
List the prime factors of 2134111.
7, 109, 2797
List the prime factors of 401294.
2, 283, 709
What are the prime factors of 2196657?
3, 41, 5953
List the prime factors of 46523.
46523
What are the prime factors of 2901168?
2, 3, 20147
What are the prime factors of 15878891?
7, 541, 599
What are the prime factors of 4454617?
23, 193679
What are the prime factors of 5576701?
13, 428977
List the prime factors of 934003.
7, 29, 43, 107
List the prime factors of 19394823.
3, 7, 29, 31847
List the prime factors of 3983150.
2, 5, 29, 41, 67
What are the prime factors of 54866?
2, 7, 3919
What are the prime factors of 1028831?
19, 173, 313
List the prime factors of 227987.
17, 13411
What are the prime factors of 32763?
3, 67, 163
What are the prime factors of 11530111?
83, 138917
What are the prime factors of 3779418?
2, 3, 629903
What are the prime factors of 495701?
495701
What are the prime factors of 4655?
5, 7, 19
What are the prime factors of 37346?
2, 71, 263
What are the prime factors of 1067556?
2, 3, 7, 71, 179
List the prime factors of 821069.
821069
List the prime factors of 8365326.
2, 3, 17, 82013
What are the prime factors of 1590905?
5, 318181
What are the prime factors of 1801302?
2, 3, 331, 907
What are the prime factors of 1757303?
163, 10781
List the prime factors of 128949.
3, 53, 811
List the prime factors of 187554.
2, 3, 31259
What are the prime factors of 1020645?
3, 5, 37, 613
What are the prime factors of 2059917?
3, 686639
What are the prime factors of 768987?
3, 19, 1499
List the prime factors of 648198.
2, 3, 36011
What are the prime factors of 9398196?
2, 3, 261061
What are the prime factors of 6752385?
3, 5, 150053
What are the prime factors of 5221335?
3, 5, 7, 49727
List the prime factors of 22483364.
2, 5620841
What are the prime factors of 834473?
41, 20353
List the prime factors of 1421016.
2, 3, 59209
List the prime factors of 926564.
2, 43, 5387
List the prime factors of 5976015.
3, 5, 53, 7517
List the prime factors of 2954304.
2, 3, 23, 223
What are the prime factors of 473794?
2, 236897
What are the prime factors of 36324784?
2, 17, 83, 1609
List the prime factors of 114355.
5, 22871
What are the prime factors of 154269?
3, 61, 281
List the prime factors of 3350015.
5, 31, 21613
What are the prime factors of 4347098?
2, 7, 310507
What are the prime factors of 2005064?
2, 41, 6113
List the prime factors of 1668745.
5, 13, 25673
What are the prime factors of 10700975?
5, 428039
List the prime factors of 14532161.
7, 17, 29, 4211
What are the prime factors of 2656890?
2, 3, 5, 53, 557
What are the prime factors of 3776188?
2, 13, 101, 719
List the prime factors of 41115028.
2, 10278757
List the prime factors of 56826.
2, 3, 7, 11, 41
List the prime factors of 296754.
2, 3, 49459
List the prime factors of 1766798.
2, 11, 80309
List the prime factors of 195032.
2, 24379
List the prime factors of 5208470.
2, 5, 19, 79, 347
What are the prime factors of 973891?
973891
What are the prime factors of 2364814?
2, 23, 101, 509
List the prime factors of 339347.
439, 773
What are the prime factors of 330632?
2, 37, 1117
What are the prime factors of 483049?
7, 151, 457
What are the prime factors of 237994?
2, 19, 6263
List the prime factors of 1651777.
229, 7213
What are the prime factors of 1489854?
2, 3, 248309
What are the prime factors of 122533?
122533
List the prime factors of 503765.
5, 53, 1901
List the prime factors of 10190212.
2, 401, 6353
What are the prime factors of 514805?
5, 19, 5419
List the prime factors of 3165375.
3, 5, 23, 367
What are the prime factors of 5739438?
2, 3, 17, 56269
List the prime factors of 3269443.
3269443
What are the prime factors of 6141767?
563, 10909
What are the prime factors of 514227?
3, 7, 47, 521
What are the prime factors of 7713768?
2, 3, 29, 11083
List the prime factors of 257136.
2, 3, 11, 487
What are the prime factors of 27458342?
2, 67, 204913
List the prime factors of 6592607.
7, 83, 1621
What are the prime factors of 9167095?
5, 7, 261917
What are the prime factors of 294627?
3, 17, 53, 109
What are the prime factors of 13765124?
2, 1213, 2837
List the prime factors of 741894.
2, 3, 53, 2333
What are the prime factors of 207254?
2, 173, 599
List the prime factors of 526095.
3, 5, 433
What are the prime factors of 49376?
2, 1543
List the prime factors of 6338086.
2, 3169043
What are the prime factors of 141758?
2, 70879
List the prime factors of 9908080.
2, 5, 7, 13, 1361
List the prime factors of 4310013.
3, 53, 27107
What are the prime factors of 18219629?
2213, 8233
List the prime factors of 126486.
2, 3, 7027
List the prime factors of 5322186.
2, 3, 47, 233
What are the prime factors of 1009375?
5, 17, 19
List the prime factors of 930339.
3, 34457
What are the prime factors of 24641?
41, 601
What are the prime factors of 9817887?
3, 3272629
What are the prime factors of 455?
5, 7, 13
What are the prime factors of 321954?
2, 3, 23, 2333
List the prime factors of 785234.
2, 167, 2351
What are the prime factors of 105733?
105733
List the prime factors of 970381.
43, 22567
List the prime factors of 1148384.
2, 17, 2111
What are the prime factors of 459929?
459929
List the prime factors of 369270.
2, 3, 5, 11, 373
List the prime factors of 2879268.
2, 3, 7, 151, 227
What are the prime factors of 1514559?
3, 504853
List the prime factors of 782541.
3, 9661
What are the prime factors of 1056817?
139, 7603
What are the prime factors of 1614985?
5, 322997
List the prime factors of 364799.
53, 6883
List the prime factors of 7191925.
5, 13, 22129
List the prime factors of 159659.
43, 47, 79
What are the prime factors of 338717?
338717
What are the prime factors of 22590588?
2, 3, 353, 5333
What are the prime factors of 422732?
2, 105683
What are the prime factors of 11098362?
2, 3, 11, 15287
List the prime factors of 1197807.
3, 13, 30713
What are the prime factors of 601791?
3, 200597
List the prime factors of 1751465.
5, 350293
List the prime factors of 4266241.
7, 19, 32077
What are the prime factors of 2715996?
2, 3, 239, 947
What are the prime factors of 151918?
2, 13, 5843
List the prime factors of 15530348.
2, 3882587
What are the prime factors of 1191578?
2